6).
26
Let t(w) = 49*w - 60. Give t(6).
234
Let u(m) = m**2 - 59*m + 167. What is u(53)?
-151
Let r(v) = -48*v + 699. Calculate r(15).
-21
Let f(n) = -291*n - 4367. Determine f(-15).
-2
Let r(z) = -52*z**3 + 3*z**2 - 100*z - 203. Give r(-2).
425
Let a(k) = 3*k**3 + 193*k**2 + 252*k + 8. What is a(-63)?
8
Let f(y) = 2*y**2 - 113*y + 1041. Give f(41).
-230
Let o(i) = 7*i**2 + 168*i - 348. Determine o(-26).
16
Let r(w) = -w**3 - 16*w**2 + 42*w + 411. Give r(-17).
-14
Let h(y) = -74*y + 636. Give h(11).
-178
Let u(m) = -499*m + 994. What is u(2)?
-4
Let v(b) = -5*b**2 + 57*b + 382. Give v(-7).
-262
Let w(z) = z**3 + 4*z**2 - 24*z - 11. Determine w(-7).
10
Let f(s) = 18*s**2 + 14*s - 3. Calculate f(-1).
1
Let m(p) = -4*p**3 + 59*p**2 - 9*p + 36. Calculate m(15).
-324
Let t(p) = 5*p**2 + 85*p - 6. Determine t(-17).
-6
Let l(c) = -17*c**2 + 2238*c + 782. What is l(132)?
-10
Let j(x) = 10*x + 55. Calculate j(-3).
25
Let b(x) = -1800*x + 5. Determine b(0).
5
Let a(i) = i**3 + 31*i**2 + 132*i + 13. Give a(-26).
-39
Let z(o) = o**3 - 39*o**2 + 147*o - 234. Calculate z(35).
11
Let a(p) = p**3 - 12*p**2 - 12*p - 95. Give a(14).
129
Let t(f) = -f**2 + 22*f + 191. Calculate t(-7).
-12
Let t(d) = -10*d**3 - 15*d**2 - d + 7. Determine t(-3).
145
Let u(c) = -4*c**3 + 26*c**2 + 17*c - 16. Give u(7).
5
Let s(f) = 2*f**2 + 66*f - 313. Calculate s(-37).
-17
Let f(c) = 32*c - 2. Give f(-3).
-98
Let a(w) = -2481*w + 14910. Determine a(6).
24
Let y(k) = k**2 - 12*k - 280. Determine y(23).
-27
Let r(x) = 968*x + 59052. Calculate r(-61).
4
Let r(b) = -3*b - 54. Determine r(-28).
30
Let c(v) = 3*v**2 - 54*v - 184. Give c(21).
5
Let t(u) = -8*u - 29. What is t(11)?
-117
Let o(p) = -p**3 - 37*p**2 + 41*p - 39. What is o(-38)?
-153
Let v(o) = -o**3 + 5*o**2 + 22*o - 53. Calculate v(2).
3
Let t(m) = 246*m - 734. Give t(3).
4
Let l(t) = -3*t**2 - 197*t + 2262. Determine l(10).
-8
Let f(z) = 14*z**2 + 81*z + 3. Determine f(-3).
-114
Let u(l) = -56*l**3 - 50*l**2 + 52*l - 1. Determine u(1).
-55
Let g(m) = -122*m + 1124. Determine g(9).
26
Let p(d) = 13*d**2 - 45*d + 81. Give p(2).
43
Let c(i) = 3*i**3 + 82*i**2 + 95*i - 212. What is c(-26)?
22
Let b(o) = -o**3 + 18*o**2 + 81*o - 96. Determine b(21).
282
Let i(z) = 11*z**2 - 79*z - 344. Determine i(-5).
326
Let r(t) = 2*t**2 - 30*t + 154. Calculate r(8).
42
Let s(j) = 1278*j + 7659. Calculate s(-6).
-9
Let c(y) = 81*y**2 - 75*y + 12. Give c(1).
18
Let w(n) = 5*n**2 + 179*n - 1765. Determine w(10).
525
Let l(a) = -14*a**2 + 216*a + 663. Determine l(-3).
-111
Let n(s) = -s**3 + 47*s**2 + 631*s + 384. Give n(58).
-22
Let d(t) = -t**2 + 6*t - 17. Determine d(3).
-8
Let m(u) = -344*u**2 + 2401*u - 13. Determine m(7).
-62
Let l(v) = 111*v + 6327. What is l(-57)?
0
Let r(i) = -134*i + 2. What is r(0)?
2
Let x(a) = -6*a - 230. Determine x(-45).
40
Let g(l) = l**2 + 177*l + 571. Determine g(0).
571
Let o(x) = 672*x - 11302. Determine o(17).
122
Let w(x) = -207*x + 1020. What is w(5)?
-15
Let b(t) = -341*t - 687. What is b(-2)?
-5
Let q(f) = 1394*f + 9719. What is q(-7)?
-39
Let y(m) = -m**3 + 18*m**2 - 42*m + 121. Give y(17).
-304
Let w(t) = 17229*t + 103373. What is w(-6)?
-1
Let v(c) = -c**2 + 29*c - 92. Give v(24).
28
Let z(w) = w**3 + 22*w**2 + 94*w + 165. Determine z(-17).
12
Let t(r) = -r**2 - 16*r - 69. Calculate t(-6).
-9
Let v(i) = 1389*i + 12509. What is v(-9)?
8
Let m(l) = 4*l**3 + 3*l**2 - 8*l + 2. Calculate m(2).
30
Let f(m) = -3*m**2 + 679*m + 1371. Determine f(-2).
1
Let g(i) = 2731*i + 54613. Calculate g(-20).
-7
Let s(p) = p**2 + 113*p + 2102. Give s(-23).
32
Let g(c) = 346*c + 1190. Determine g(-3).
152
Let q(v) = 3*v**2 - 104*v - 202. What is q(36)?
-58
Let v(g) = -59*g - 1763. Calculate v(-30).
7
Let b(n) = n**2 + 89*n - 475. Give b(5).
-5
Let k(f) = 20*f + 226. Determine k(12).
466
Let p(l) = l**3 - 15*l**2 - 27*l - 79. Determine p(18).
407
Let z(a) = 23*a**2 + 42*a - 5. Give z(-2).
3
Let n(d) = 3*d**3 + 14*d**2 - 14*d - 40. Determine n(-5).
5
Let r(p) = -p**3 - 9*p**2 - 135*p - 1406. What is r(-10)?
44
Let h(d) = -1033*d - 4162. Determine h(-4).
-30
Let k(t) = -7*t**3 + 126*t**2 + 6*t - 120. Determine k(18).
-12
Let y(j) = -2*j**2 - 43*j - 68. Determine y(-19).
27
Let f(p) = -14*p**3 + 301*p**2 + 152*p + 47. What is f(22)?
3
Let d(x) = 39*x + 970. Give d(-25).
-5
Let h(w) = -w**3 + 58*w**2 + 58*w + 30. Determine h(59).
-29
Let w(g) = -2*g**2 - 15*g + 22. Determine w(5).
-103
Let a(q) = q**3 + 6*q**2 - 61*q - 359. Give a(-9).
-53
Let i(x) = -x**2 + 1946*x - 15513. Give i(8).
-9
Let j(c) = 99*c + 8607. Determine j(-87).
-6
Let a(i) = 13*i**2 - 387*i - 47. Calculate a(30).
43
Let q(x) = 3*x**3 - 14*x**2 + 342*x - 1746. Determine q(5).
-11
Let b(q) = q**3 + 2*q**2 - 236*q - 1094. Give b(-5).
11
Let d(n) = 72*n + 1619. Determine d(-23).
-37
Let t(z) = -11*z**3 - 14*z**2 + 10*z + 6. Determine t(-2).
18
Let h(t) = -196*t + 1573. Calculate h(8).
5
Let c(w) = -w**3 + 12*w**2 - 5*w - 34. Calculate c(11).
32
Let v(s) = -2*s**3 - 18*s**2 - 57*s + 3. Calculate v(-3).
66
Let m(d) = d**3 + 7*d**2 + 57*d + 378. Determine m(-7).
-21
Let p(d) = 7*d + 28. Determine p(-4).
0
Let o(d) = -136*d + 2036. Determine o(15).
-4
Let o(r) = -r + 27. Give o(13).
14
Let r(h) = -510*h - 21425. What is r(-42)?
-5
Let d(j) = j**2 + 2148*j + 17130. Calculate d(-8).
10
Let a(j) = 1144*j + 13688. Give a(-12).
-40
Let f(x) = 5*x**2 - 253*x - 170. Calculate f(51).
-68
Let x(b) = b**2 - 46*b + 368. Give x(11).
-17
Let i(n) = -125*n - 126. Calculate i(-1).
-1
Let x(j) = -153*j + 12187. Determine x(81).
-206
Let c(v) = -v**3 + 10*v**2 + 52*v + 73. Calculate c(14).
17
Let s(l) = 41*l**2 - 615*l + 31. Determine s(15).
31
Let z(b) = -b**3 + 19*b**2 + 14*b + 11. Give z(20).
-109
Let w(f) = -102*f**2 - f + 10. Give w(-2).
-396
Let j(u) = u**2 - 647*u + 5099. Determine j(8).
-13
Let j(z) = -59*z - 152. What is j(6)?
-506
Let a(y) = 2*y**2 - 66*y + 260. Calculate a(12).
-244
Let c(z) = z**3 + 5*z**2 - 31*z - 47. Calculate c(-8).
9
Let m(w) = w**2 - 7*w + 26. What is m(9)?
44
Let a(l) = 451*l - 1817. Determine a(4).
-13
Let z(v) = -23*v + 107. Determine z(6).
-31
Let k(x) = -4*x**2 - 179*x - 234. Give k(-43).
67
Let a(w) = -177*w**2 + 887*w - 5. Give a(5).
5
Let w(z) = -z**3 - 7*z**2 + 46*z + 260. What is w(-9)?
8
Let z(w) = 12*w - 6. Calculate z(-4).
-54
Let i(a) = 28*a - 123. Give i(-5).
-263
Let v(h) = 3*h**3 - 3*h**2 - 13*h - 18. Determine v(-2).
-28
Let i(r) = r**3 + 30*r**2 + 31*r + 63. Determine i(-29).
5
Let u(s) = 176*s + 1223. Give u(-7).
-9
Let q(p) = 18*p**2 - 14*p - 33. Calculate q(6).
531
Let a(q) = -5*q**2 - 3*q + 2. Calculate a(-2).
-12
Let y(s) = -3*s**2 - 6*s + 1. Give y(6).
-143
Let k(u) = -u**2 + 137*u - 4496. Determine k(48).
-224
Let l(h) = 135*h + 176. Calculate l(0).
176
Let m(s) = -3*s**2 + 105*s - 665. Give m(21).
217
Let r(x) = 3*x - 29. What is r(18)?
25
Let u(o) = -o**2 - 15*o + 23. Determine u(-8).
79
Let k(i) = -288*i + 3709. Determine k(13).
-35
Let m(o) = 32047*o - 3. Calculate m(0).
-3
Let x(r) = -69*r**2 + 7660*r - 128. Calculate x(111).
-17
Let g(k) = 3*k**2 + 11*k - 70. Calculate g(-7).
0
Let h(s) = -s**3 + 11*s**2 - 86*s + 510. What is h(6)?
174
Let u(f) = 434*f + 19963. Give u(-46).
-1
Let i(w) = w**3 - 8*w**2 - 101*w + 14. What is i(14)?
-224
Let c(z) = -z**2 - 205*z + 3865. What is c(18)?
-149
Let h(x) = -2*x**2 - 1013*x - 2028. Calculate h(-2).
-10
Let i(g) = -g**3 - 26*g**2 + 24*g - 34. Determine i(-25).
-1259
Let h(b) = -285*b + 33623. Determine h(118).
-7
Let r(b) = -58*b**2 + 574*b - 10. Calculate r(10).
-70
Let j(d) = -d**2 + 192*d - 191. Give j(1).
0
Let t(m) = 195*m**2 - 568*m - 22. Give t(3).
29
Let g(j) = -j**3 - 33*j**2 - 114*j + 70. Give g(-29).
12
Let n(a) = 4*a**2 + 157*a + 441. What is n(-3)?
6
Let r(n) = -205*n - 1799. Calculate r(-9).
46
Let a(s) = s**3 + 66*s**2 - 69*s - 121. Determine a(-67).
13
Let v(w) = w**2 + 16*w - 8. Determine v(-8).
-72
Let v(u) = -u**3 - 30*u**2 + 7*u - 36. Calculate v(-30).
-246
Let b(g) = 25*g - 731. Give b(30).
19
Let z(o) = 15*o + 19. Determine z(-3).
-26
Let o(l) = l**3 - 110*l**2 - 457*l + 43. Give o(114).
-71
Let b(f) = f**2 + 73*f + 398. Calculate b(-6).
-4
Let m(f) = f**3 + 10*f**2 + 5*f - 41. Determine m(-9).
-5
Let y(t) = 2*t**2 - 49*t + 150. Calculate y(21).
3
Let p